Is 463 prime?
True
Is 1680137 prime?
False
Is 20171 a prime number?
False
Is 1360891 a composite number?
True
Is 361711 composite?
True
Is 3719 a prime number?
True
Is 28499 composite?
False
Is 90847 prime?
True
Is 36299 a prime number?
True
Is 21955 prime?
False
Is 475289 a composite number?
False
Is 31927 a prime number?
False
Is 60479 composite?
True
Is 9337 a composite number?
False
Is 1367231 a composite number?
False
Is 8651 composite?
True
Is 245171 a prime number?
True
Is 14354 a composite number?
True
Is 338566 a prime number?
False
Is 12515 a prime number?
False
Is 51061 prime?
True
Is 1471 composite?
False
Is 2999 prime?
True
Is 4043 a composite number?
True
Is 48157 prime?
True
Is 1151 a prime number?
True
Is 423497 a composite number?
False
Is 94321 prime?
True
Is 22147 a prime number?
True
Is 574859 a prime number?
True
Is 191669 composite?
False
Is 347 a composite number?
False
Is 371027 a composite number?
False
Is 326 composite?
True
Is 1655417 a prime number?
False
Is 4903 composite?
False
Is 11573 composite?
True
Is 1541 composite?
True
Is 58118 a composite number?
True
Is 400555 a prime number?
False
Is 6629 prime?
False
Is 5490397 a composite number?
True
Is 4909 a prime number?
True
Is 899123 a composite number?
False
Is 23431 composite?
False
Is 73217 a composite number?
True
Is 69 prime?
False
Is 305069 a composite number?
False
Is 23357 prime?
True
Is 1822439 composite?
False
Is 25719 a prime number?
False
Is 4421 composite?
False
Is 87473 prime?
True
Is 834761 a composite number?
False
Is 45377 prime?
True
Is 46589 a prime number?
True
Is 327347 a composite number?
False
Is 11231 prime?
False
Is 97765 a prime number?
False
Is 889 a prime number?
False
Is 330821 a composite number?
False
Is 467063 a prime number?
True
Is 176977 composite?
False
Is 653867 prime?
False
Is 4177 prime?
True
Is 421457 composite?
True
Is 73913 a prime number?
False
Is 14857 a composite number?
True
Is 20411 a prime number?
True
Is 15511 prime?
True
Is 174299 composite?
False
Is 367163 a composite number?
False
Is 68023 a prime number?
True
Is 8191 a prime number?
True
Is 78157 composite?
False
Is 1192281 composite?
True
Is 100907 a composite number?
False
Is 5981 a prime number?
True
Is 49705 composite?
True
Is 189733 prime?
True
Is 42989 composite?
False
Is 4055471 a composite number?
True
Is 296347 composite?
False
Is 159897 prime?
False
Is 84209 a composite number?
True
Is 3953 a prime number?
False
Is 3131221 composite?
False
Is 86285 prime?
False
Is 1541429 a composite number?
False
Is 20477 composite?
False
Is 14591 a composite number?
False
Is 2949847 a prime number?
False
Is 3143 a prime number?
False
Is 18211 prime?
True
Is 118127 composite?
False
Is 938921 a prime number?
True
Is 174793 a prime number?
False
Is 4139 composite?
False
Is 33311 composite?
False
Is 35251 composite?
False
Is 44794 prime?
False
Is 5347 prime?
True
Is 38833 a composite number?
False
Is 4315 a composite number?
True
Is 1298261 a composite number?
False
Is 109639 composite?
False
Is 21647 composite?
False
Is 58783 composite?
True
Is 2317 prime?
False
Is 5305 composite?
True
Is 15613 prime?
False
Is 2237 a composite number?
False
Is 735677 a composite number?
True
Is 45335 composite?
True
Is 5287 composite?
True
Is 356731 a composite number?
False
Is 712093 a composite number?
False
Is 11507 composite?
True
Is 6389 composite?
False
Is 50411 a prime number?
True
Is 30047 a composite number?
False
Is 14351 prime?
False
Is 59819 a prime number?
False
Is 121969 a prime number?
False
Is 121661 prime?
True
Is 1934 prime?
False
Is 14243 prime?
True
Is 793735 a composite number?
True
Is 52613 composite?
True
Is 1511431 a composite number?
True
Is 1142905 a composite number?
True
Is 173674 a composite number?
True
Is 10891 a prime number?
True
Is 4421 prime?
True
Is 68467 composite?
True
Is 4229 a prime number?
True
Is 2483 a prime number?
False
Is 2461 prime?
False
Is 58937 a prime number?
True
Is 1087 prime?
True
Is 15187 composite?
False
Is 3883 a composite number?
True
Is 2333 a prime number?
True
Is 62438 a composite number?
True
Is 63641 prime?
False
Is 89591 a prime number?
True
Is 785 composite?
True
Is 46321 prime?
False
Is 46 a prime number?
False
Is 1225594 a prime number?
False
Is 59333 a composite number?
False
Is 126773 a prime number?
False
Is 1626085 prime?
False
Is 31359 a composite number?
True
Is 310643 prime?
True
Is 273943 a prime number?
True
Is 51713 composite?
False
Is 6383701 a composite number?
False
Is 34309 a composite number?
True
Is 2050567 a prime number?
True
Is 9183 prime?
False
Is 26797 composite?
True
Is 64567 composite?
False
Is 341701 prime?
True
Is 211 composite?
False
Is 51577 a composite number?
False
Is 37951 prime?
True
Is 19937 a composite number?
False
Is 4609531 a composite number?
False
Is 4253 a prime number?
True
Is 85639 composite?
False
Is 1083521 composite?
True
Is 4201 a composite number?
False
Is 131 a composite number?
False
Is 2617 a prime number?
True
Is 31531 a composite number?
False
Is 134887 prime?
True
Is 118649 a prime number?
False
Is 238885 prime?
False
Is 90031 prime?
True
Is 149959 composite?
True
Is 586217 composite?
True
Is 237673 prime?
True
Is 124067 composite?
False
Is 184181 prime?
True
Is 10151 a prime number?
True
Is 22114 a prime number?
False
Is 35729 a composite number?
False
Is 75241 a composite number?
True
Is 73069 composite?
True
Is 152747 composite?
True
Is 1116079 a composite number?
True
Is 1671 a prime number?
False
Is 69313 a composite number?
False
Is 44771 composite?
False
Is 249697 a prime number?
False
Is 742423 prime?
False
Is 725531 composite?
False
Is 2053 prime?
True
Is 143101 prime?
False
Is 12071 composite?
False
Is 12281 a composite number?
False
Is 23357 a prime number?
True
Is 224351 prime?
True
Is 115229 composite?
True
Is 14401 a composite number?
False
Is 571057 prime?
False
Is 817 a prime number?
False
Is 25717 a prime number?
True
Is 1707067 prime?
True
Is 16183 prime?
True
Is 611287 prime?
False
Is 932779 a composite number?
False
Is 29489 composite?
True
Is 4259 a composite number?
False
Is 110153 prime?
False
Is 9601 a composite number?
False
Is 34807 a prime number?
True
Is 1029967 composite?
False
Is 18319 prime?
False
Is 5269 a composite number?
True
Is 841 a composite number?
True
Is 952241 a prime number?
False
Is 172999 a prime number?
True
Is 36887 a composite number?
False
Is 1141 a prime number?
False
Is 18713 a prime number?
True
Is 141439 a composite number?
False
Is 38299 prime?
True
Is 1361 a prime number?
True
Is 1833059 a prime number?
False
Is 788789 a composite number?
False
Is 394481 prime?
True
Is 217553 a prime number?
False
Is 57023 prime?
False
Is 5774 a composite number?
True
Is 4186553 prime?
False
Is 1735 a composite number?
True
Is 1799261 prime?
True
Is 4861 a prime number?
True
Is 98557 prime?
False
Is 1455061 a composite number?
True
Is 34679 composite?
False
Is 4219 prime?
True
Is 8357 prime?
False
Is 125842 a composite number?
True
Is 2179 prime?
True
Is 583195 a composite number?
True
Is 3571 composite?
False
Is 6899 prime?
True
Is 75143 a composite number?
True
Is 51079 a composite number?
True
Is 15297 a prime number?
False
Is 3314371 composite?
True
Is 502 composite?
True
Is 187067 a composite number?
False
Is 7789 composite?
False
Is 3611 prime?
False
Is 978449 prime?
True
Is 356923 a composite number?
True
Is 256415 composite?
True
Is 2417 a prime number?
True
Is 44467 a composite number?
True
Is 25778 prime?
False
Is 79757 prime?
True
Is 2434 a composite number?
True
Is 375059 a composite number?
False
Is 825953 prime?
False
Is 46519 a prime number?
False
Is 443 composite?
False
Is 10327 prime?
False
Is 13303 prime?
False
Is 28643 a composite number?
False
Is 1315639 a composite number?
True
Is 1523 a prime number?
True
Is 14759 a composite number?
False
Is 93047 a composite number?
False
Is 3770453 a prime number?
False
Is 80599 a prime number?
True
Is 16787 a prime number?
True
Is 381011 a prime number?
True
Is 1411 composite?
True
Is 5917 a prime number?
False
Is 159787 a composite number?
False
Is 214651 a prime number?
True
Is 48109 a composite number?
False
Is 25301 prime?
True
Is 89443 composite?
False
Is 188351 